 factor of 12210030 and 360?
90
Calculate the greatest common factor of 4986231 and 1221.
111
What is the highest common divisor of 7143 and 2135749857?
7143
Calculate the highest common divisor of 836 and 61264132.
76
What is the highest common factor of 4116 and 7734846?
294
Calculate the highest common factor of 122402 and 8134.
98
Calculate the highest common divisor of 2289470 and 3066110.
8090
Calculate the highest common factor of 27218 and 29758054.
878
What is the highest common divisor of 537251963 and 69?
23
Calculate the highest common factor of 130516282 and 247.
247
What is the greatest common factor of 14930 and 183653930?
14930
What is the greatest common divisor of 34728 and 3576?
24
What is the highest common factor of 1388026 and 1406?
38
Calculate the greatest common divisor of 572238920 and 8525.
1705
Calculate the highest common divisor of 26344941 and 28.
7
What is the highest common factor of 130 and 14529645?
65
What is the greatest common divisor of 26148 and 35652?
12
What is the greatest common factor of 288 and 17451936?
288
What is the highest common divisor of 29146833 and 45?
9
Calculate the highest common divisor of 304876 and 198.
22
What is the highest common divisor of 22 and 45499630?
22
What is the highest common factor of 6513 and 718618368?
6513
Calculate the greatest common divisor of 774563802 and 498.
498
Calculate the greatest common divisor of 4131 and 2476656.
243
Calculate the greatest common divisor of 12555606 and 1806.
42
What is the highest common divisor of 5582 and 51306953?
2791
Calculate the highest common factor of 336 and 35666344.
56
Calculate the highest common factor of 1012 and 33850828.
44
What is the greatest common divisor of 20304 and 729816?
1128
What is the greatest common divisor of 204 and 9378220?
68
Calculate the highest common divisor of 232 and 18392148.
116
Calculate the greatest common divisor of 195 and 254767305.
195
Calculate the highest common divisor of 18328 and 51011.
29
Calculate the highest common factor of 7519344 and 2544.
48
Calculate the highest common factor of 5 and 34099465.
5
What is the greatest common factor of 818889 and 3738?
267
Calculate the highest common divisor of 14653132 and 4.
4
What is the greatest common divisor of 20827710 and 45?
45
What is the highest common divisor of 26171744 and 320?
32
What is the greatest common factor of 3880 and 114640?
40
Calculate the greatest common divisor of 549136170 and 29.
29
Calculate the greatest common factor of 179 and 1051144564.
179
Calculate the highest common divisor of 126885 and 6525.
15
What is the greatest common factor of 727160294 and 70?
14
What is the highest common factor of 47236 and 254653?
49
What is the greatest common divisor of 2309276 and 8016?
668
What is the greatest common divisor of 1088 and 401608?
136
Calculate the highest common factor of 4896 and 2607273.
153
Calculate the greatest common factor of 294860778 and 3090.
618
What is the greatest common divisor of 64 and 1504352?
32
Calculate the highest common divisor of 935667 and 4806.
9
What is the greatest common factor of 2187796 and 3744?
52
Calculate the highest common divisor of 7434573 and 2868.
717
Calculate the highest common divisor of 68224 and 4846036.
2132
What is the greatest common divisor of 15456 and 14564928?
672
What is the highest common factor of 79548 and 28724404?
3788
What is the greatest common factor of 6426 and 1254736?
238
Calculate the highest common divisor of 7323512 and 77672.
1064
What is the greatest common divisor of 12395 and 4323080?
185
What is the highest common factor of 2949 and 5184?
3
What is the highest common factor of 341635 and 13115?
215
Calculate the highest common divisor of 137629 and 3005.
601
What is the highest common divisor of 3057 and 415914021?
3057
Calculate the greatest common factor of 785463 and 123.
3
What is the greatest common factor of 1224 and 26984?
8
What is the highest common factor of 10766052 and 18?
18
Calculate the highest common divisor of 2564 and 53.
1
Calculate the highest common divisor of 912338 and 21.
7
What is the greatest common factor of 55 and 75221695?
5
What is the greatest common factor of 8964 and 40368?
12
What is the greatest common factor of 90 and 103947170?
10
Calculate the highest common divisor of 1132623 and 5276252.
4661
What is the greatest common factor of 10787359 and 38511?
4279
Calculate the greatest common divisor of 159 and 21095007.
159
What is the highest common factor of 3247955 and 56385?
895
What is the highest common factor of 917607 and 1106013?
3489
Calculate the greatest common factor of 599870 and 13826.
446
Calculate the highest common divisor of 2233 and 131021.
11
What is the highest common factor of 4486955 and 20?
5
What is the highest common factor of 108 and 307537668?
108
Calculate the greatest common factor of 3968 and 1146008.
248
What is the highest common divisor of 4287205 and 195?
65
What is the highest common divisor of 29427 and 2028732?
1731
What is the highest common divisor of 42927 and 94579?
349
Calculate the greatest common divisor of 652 and 92544.
4
What is the greatest common divisor of 3204112 and 752?
16
What is the highest common divisor of 60875 and 42856?
487
What is the greatest common factor of 137544161 and 51?
17
What is the highest common divisor of 25550 and 10344100?
3650
What is the greatest common factor of 5104 and 834866384?
5104
What is the greatest common factor of 752271 and 5187?
39
Calculate the highest common factor of 867 and 30279.
3
Calculate the highest common factor of 43 and 284862745.
43
Calculate the highest common divisor of 45 and 711657.
9
Calculate the highest common divisor of 1026 and 155382.
114
Calculate the greatest common divisor of 33417 and 693225.
711
What is the greatest common divisor of 2096 and 150544?
16
What is the greatest common divisor of 4332435918 and 58?
58
What is the greatest common factor of 785745 and 27?
9
Calculate the highest common divisor of 190676 and 22922.
146
Calculate the greatest common divisor of 17856 and 606252864.
5952
Calculate the highest common factor of 1510 and 190421570.
1510
What is the greatest common divisor of 18720 and 17012736?
3744
Calculate the highest common divisor of 330 and 5178756.
66
Calculate the greatest common factor of 11883696 and 132.
132
What is the highest common divisor of 35248240 and 2330?
2330
What is the greatest common factor of 12936 and 11924088?
264
What is the greatest common divisor of 32769969 and 3?
3
Calculate the highest common factor of 533376 and 5709312.
1152
What is the highest common factor of 29616047 and 29?
29
Calculate the highest common divisor of 637 and 75169185.
637
What is the highest common divisor of 482461 and 86821?
1099
Calculate the greatest common factor of 24420138 and 1746.
582
Calculate the greatest common divisor of 207935 and 133315.
455
What is the highest common factor of 3918683 and 9119?
829
Calculate the highest common divisor of 61611125 and 29375.
5875
Calculate the highest common divisor of 1706796 and 60.
12
What is the highest common factor of 28 and 11578322?
14
Calculate the highest common factor of 80153662 and 124.
62
What is the greatest common factor of 9067135 and 3025?
605
Calculate the highest common divisor of 12891789 and 14832.
927
Calculate the greatest common factor of 2792694 and 5952.
6
Calculate the greatest common factor of 76925 and 8613790.
905
What is the greatest common factor of 3614 and 103142?
26
What is the greatest common factor of 194 and 3273796948?
194
What is the highest common divisor of 7207910 and 40?
10
What is the greatest common factor of 6260433 and 951?
951
Calculate the highest common factor of 82 and 1549125878.
82
Calculate the highest common divisor of 4378882 and 82.
82
What is the greatest common divisor of 24037514 and 106?
106
Calculate the highest common factor of 6 and 2149438.
2
What is the greatest common factor of 264 and 4115892?
132
What is the highest common divisor of 3361105 and 1265?
1265
What is the greatest common factor of 2205687 and 594?
33
Calculate the highest common divisor of 221862 and 525918.
618
What is the greatest common divisor of 10 and 209974670?
10
Calculat